se
Is 24380443 prime?
True
Is 620576137 a prime number?
True
Is 10437720703 composite?
False
Is 162331381313 a prime number?
False
Is 4148839633 a composite number?
False
Is 1136063167 prime?
True
Is 4100794679 a prime number?
False
Is 115030961083 composite?
False
Is 4910567523 composite?
True
Is 21736234843 prime?
False
Is 5227059769 composite?
False
Is 33949389581 a composite number?
True
Is 5370142847 composite?
False
Is 2985010193 a prime number?
False
Is 282786105467 a composite number?
True
Is 8185402259 composite?
False
Is 2552461019 prime?
False
Is 4103587427 a prime number?
False
Is 152197642897 composite?
False
Is 5854222081 a composite number?
False
Is 13967981 a composite number?
True
Is 2892501211 a prime number?
True
Is 9848641961 a prime number?
False
Is 51323757691 composite?
True
Is 38322929851 a composite number?
False
Is 75633344177 a prime number?
True
Is 21226325195 a prime number?
False
Is 36412671617 a composite number?
True
Is 1653321139 composite?
True
Is 7931091431 a prime number?
True
Is 21311527 composite?
False
Is 71173968419 composite?
True
Is 56253381617 a prime number?
False
Is 100642117 prime?
False
Is 24918200753 a composite number?
False
Is 239517305 a prime number?
False
Is 2097359639 a composite number?
False
Is 7852940603 prime?
False
Is 35331583751 a composite number?
True
Is 67272727 composite?
True
Is 199532063 a prime number?
True
Is 4405262426 prime?
False
Is 1120141387 a prime number?
True
Is 762445039 composite?
True
Is 22679070151 prime?
True
Is 3855630899 a composite number?
False
Is 66707008763 prime?
True
Is 121036087 a composite number?
False
Is 135114669311 composite?
False
Is 20218499243 prime?
False
Is 675617731 a composite number?
False
Is 6040038581 a composite number?
True
Is 30420896299 a composite number?
False
Is 932525173 a composite number?
False
Is 22838565007 a prime number?
True
Is 19509449329 a prime number?
True
Is 12012053 prime?
True
Is 703225403 composite?
False
Is 19481053433 prime?
True
Is 1230657847 a composite number?
True
Is 4048118401 a composite number?
False
Is 279320084367 prime?
False
Is 55630427 prime?
True
Is 6263916919 a composite number?
True
Is 2665622149 prime?
True
Is 542627881 prime?
True
Is 306244051 a composite number?
False
Is 8342359577 a prime number?
True
Is 50490634753 prime?
False
Is 5476280827 prime?
False
Is 292284271 a prime number?
False
Is 1887036043 composite?
False
Is 1093057513 a composite number?
False
Is 137500791 a prime number?
False
Is 570410849 a composite number?
False
Is 24981497767 a prime number?
True
Is 2425937329 prime?
True
Is 21810025909 composite?
True
Is 396804347 prime?
True
Is 1220772379 a prime number?
True
Is 3742955947 a composite number?
False
Is 148769659 a composite number?
False
Is 15794211259 composite?
False
Is 39732643 a composite number?
False
Is 22799227349 a prime number?
False
Is 36030777103 a composite number?
False
Is 7864587499 prime?
True
Is 35823858221 a prime number?
False
Is 1722352171 a prime number?
False
Is 33748558999 prime?
False
Is 433600087 prime?
True
Is 72754777 composite?
False
Is 1244040481 prime?
False
Is 3525242059 a composite number?
True
Is 323026871 prime?
True
Is 19716465481 a prime number?
True
Is 2760102731 prime?
True
Is 476353169 composite?
True
Is 272375614165 composite?
True
Is 10073847757 a composite number?
False
Is 4655192753 a prime number?
True
Is 593139257 composite?
False
Is 67622887 a prime number?
True
Is 788099951 a prime number?
False
Is 695937237 a prime number?
False
Is 28351920431 a prime number?
True
Is 4141296347 a composite number?
False
Is 7897357073 a prime number?
False
Is 151275647371 prime?
True
Is 14434333 a prime number?
True
Is 9525223 prime?
True
Is 85798766351 a composite number?
False
Is 2252555953 a composite number?
True
Is 60485077 composite?
True
Is 345770669 prime?
True
Is 56854168183 composite?
False
Is 94597393937 a prime number?
True
Is 5387404963 a composite number?
False
Is 5384597433 a prime number?
False
Is 6178268113 a prime number?
True
Is 282476207 prime?
False
Is 464137523 prime?
True
Is 59070145487 composite?
False
Is 34385565143 composite?
True
Is 43636757239 a prime number?
True
Is 531904963 prime?
True
Is 202818463 a composite number?
False
Is 23451663371 prime?
False
Is 20388011519 prime?
False
Is 3432014053 a composite number?
True
Is 1032426181 prime?
True
Is 4615312123 a composite number?
False
Is 89147783 composite?
False
Is 11297162843 a prime number?
True
Is 116928859 a composite number?
False
Is 223038771 a composite number?
True
Is 5033272667 a prime number?
True
Is 9038264243 composite?
True
Is 1655303831 a composite number?
True
Is 807472333 a prime number?
True
Is 563021539 a composite number?
True
Is 280266793 a prime number?
True
Is 5192436697 prime?
False
Is 4543055585 composite?
True
Is 782556755 prime?
False
Is 3565348561 a composite number?
True
Is 69773092549 a composite number?
True
Is 934310303 a prime number?
True
Is 45952369 a prime number?
False
Is 223228121 composite?
True
Is 586330093 composite?
True
Is 1836513967 composite?
True
Is 25388243791 a prime number?
False
Is 2779146469 a composite number?
True
Is 2004316879 a composite number?
True
Is 13420230289 prime?
True
Is 21190414249 a prime number?
True
Is 5351849089 a prime number?
True
Is 13322637697 composite?
False
Is 7603067363 a composite number?
False
Is 30911232815 a composite number?
True
Is 692139157 a prime number?
True
Is 324350701 prime?
False
Is 2236650971 a prime number?
True
Is 8435480129 prime?
True
Is 24608917337 prime?
False
Is 1786113629 composite?
False
Is 12342987143 a composite number?
True
Is 449692519 a prime number?
False
Is 1011000847 a prime number?
False
Is 176730511 composite?
True
Is 47306431 a composite number?
True
Is 67161352606 prime?
False
Is 48225431 composite?
True
Is 2508874169 a composite number?
True
Is 13594252481 composite?
True
Is 73640928917 a composite number?
True
Is 5970958361 a prime number?
False
Is 2391025177 composite?
True
Is 507429613 a prime number?
True
Is 9863129551 a composite number?
True
Is 108422077123 a prime number?
False
Is 384893336281 composite?
True
Is 629557823 a composite number?
True
Is 330501572143 prime?
True
Is 1050454861 prime?
False
Is 4038479961 a composite number?
True
Is 204494651 a prime number?
False
Is 97341008389 a composite number?
True
Is 922672217 a prime number?
True
Is 21661530481 composite?
True
Is 27716810999 a prime number?
False
Is 711779209 composite?
False
Is 5579534657 a prime number?
False
Is 10705643123 a composite number?
True
Is 18677743739 a prime number?
True
Is 747830819 prime?
True
Is 2941898537 composite?
False
Is 2370422137 a prime number?
True
Is 1829260331 a prime number?
False
Is 77475857 a composite number?
False
Is 57171679 composite?
False
Is 1046943743 a composite number?
True
Is 812670049 a composite number?
True
Is 4022388127 a prime number?
True
Is 1093948391 composite?
True
Is 283545643 composite?
False
Is 595431901 prime?
False
Is 4238903519 prime?
False
Is 8922995509 a prime number?
True
Is 3070405517 composite?
False
Is 26609791271 composite?
True
Is 19636323857 composite?
False
Is 8865300329 prime?
True
Is 438215891107 composite?
False
Is 25417788791 a prime number?
True
Is 733708513 composite?
False
Is 315756824663 prime?
False
Is 11618197633 prime?
False
Is 783475467 a composite number?
True
Is 14492907349 a prime number?
True
Is 105919654 composite?
True
Is 2776773917 composite?
False
Is 4514138774 a prime number?
False
Is 287470571701 a prime number?
False
Is 1665571727 composite?
True
Is 6408998653 a composite number?
False
Is 3077666833 a composite number?
True
Is 533498593 composite?
True
Is 3020663553 composite?
True
Is 1451243939 composite?
False
Is 2409964651 a prime number?
False
Is 141905437273 prime?
True
Is 22399299217 a composite number?
False
Is 19400886007 a composite number?
True
Is 3975282001 prime?
True
Is 184406263 a prime number?
False
Is 122849458691 a composite number?
False
Is 34381099 a prime number?
True
Is 2598655781 a prime number?
True
Is 835478921 a prime number?
True
Is 1124089102 a composite number?
True
Is 355589363 a composite number?
False
Is 3399015443 a prime number?
True
Is 198254467 composite?
Tr